t z(l) = -l**2 - 11*l - 10. Calculate z(-7).
18
Let m(h) = -h**2 - 13*h + 41. Determine m(-15).
11
Let n(w) = w**3 + 17*w**2 - 6*w - 30. Determine n(-17).
72
Let z(x) = x**2 + 17*x + 10. What is z(-17)?
10
Let f(t) = t**3 + t - 207. Calculate f(0).
-207
Let o(y) = y**2 + 13*y - 25. Calculate o(-16).
23
Let f(q) = 2*q**2 + 23*q + 42. Calculate f(-8).
-14
Let x(j) = -j**3 + 11*j**2 - j + 10. Determine x(11).
-1
Let q(t) = 5*t - 175. Give q(22).
-65
Let s(w) = -w**3 + 7*w**2 - 3*w + 3. Calculate s(6).
21
Let f(q) = 18*q - 120. What is f(7)?
6
Let g(l) = l**2 + 6*l + 12. What is g(-5)?
7
Let b(u) = -2*u**2 + 13. Give b(-4).
-19
Let f(j) = j - 8. Determine f(4).
-4
Let l(g) = -g - 57. Give l(10).
-67
Let t(u) = -u**3 - 12*u**2 - 16*u - 2. Give t(-5).
-97
Let p(b) = -2*b**2 + 43*b + 54. What is p(23)?
-15
Let z(u) = 2*u**2 - 5*u + 2. Calculate z(2).
0
Let w(x) = 5*x + 26. What is w(-5)?
1
Let n(o) = o**3 - 7*o**2 - o + 2. Determine n(7).
-5
Let f(s) = s + 51. Calculate f(-20).
31
Let s(r) = r**2 + r - 2. Calculate s(-2).
0
Let t(j) = j**3 + 9*j**2 - 9*j - 6. What is t(-10)?
-16
Let r(a) = a**3 - 12*a**2 + 4*a - 14. Determine r(12).
34
Let m(b) = -b**2 - 18*b - 14. What is m(-19)?
-33
Let j(q) = -q**3 + 12*q**2 + 2*q - 9. Give j(12).
15
Let c(o) = o**2 - 21*o - 98. Determine c(24).
-26
Let i(d) = -d**2 - 14*d + 7. What is i(-15)?
-8
Let j(d) = -d**3 + d**2 + 7*d - 11. Give j(0).
-11
Let p(o) = 3*o**2 + 47*o - 31. Calculate p(-16).
-15
Let a(x) = -x + 14. What is a(7)?
7
Let b(a) = -12*a + 155. Determine b(12).
11
Let f(a) = a**3 - 19*a**2 - 2*a + 36. Calculate f(19).
-2
Let u(w) = w**2 - 2*w - 11. Calculate u(-7).
52
Let o(q) = 32*q**2 - 3*q - 9. What is o(-2)?
125
Let p(l) = 3*l - 17. What is p(5)?
-2
Let o(j) = 9*j - 4. Calculate o(-4).
-40
Let p(j) = -j**3 + 5*j**2 + 8*j - 17. Calculate p(5).
23
Let y(s) = 13*s - 106. Give y(10).
24
Let u(n) = 2*n - 15. Give u(5).
-5
Let a(g) = g**2 + 6*g - 8. Calculate a(-3).
-17
Let p(k) = 9*k. Give p(2).
18
Let j(q) = -q**3 - 10*q**2 - 11*q - 13. Give j(-9).
5
Let k(i) = -2*i - 14. What is k(-12)?
10
Let p(a) = 2*a**2 + 17*a + 1. Calculate p(-9).
10
Let g(h) = -h**2 + 13*h - 12. Calculate g(5).
28
Let u(b) = -10*b + 94. Give u(10).
-6
Let z(h) = 2*h**2 - 8*h - 51. What is z(9)?
39
Let k(q) = -q**2 + 14*q - 22. What is k(7)?
27
Let y(z) = 2*z**2 + 4*z + 9. Determine y(-3).
15
Let v(o) = 21*o**3 - o - 2. Determine v(-1).
-22
Let x(y) = -y**3 + 33*y**2 - 34*y + 57. Calculate x(32).
-7
Let n(l) = -l**3 - 9*l**2 - 10*l - 12. What is n(-8)?
4
Let o(t) = t + 4. What is o(-6)?
-2
Let m(k) = -k**2 + 8*k - 5. What is m(6)?
7
Let h(u) = -14*u**3 + 4*u + 3. What is h(-1)?
13
Let k(r) = -r**3 - 7*r**2 - 12*r - 11. Give k(-7).
73
Let l(t) = 3*t - 58. Calculate l(18).
-4
Let v(o) = o**3 + 10*o**2 + 2*o - 2. Calculate v(-10).
-22
Let p(s) = -s**2 + 8*s + 35. Give p(-5).
-30
Let k(z) = 2*z + 11. What is k(-6)?
-1
Let a(p) = -5*p**2 - p - 2. Calculate a(-2).
-20
Let r(b) = 2*b**3 + 61*b**2 - 30*b + 35. What is r(-31)?
4
Let q(b) = -2*b**3 + 5*b**2 - 3*b - 3. Determine q(3).
-21
Let w(c) = -3*c - 33. What is w(-9)?
-6
Let b(i) = 58*i - 3138. Determine b(54).
-6
Let r(f) = -2*f**2 - 107*f - 51. What is r(-53)?
2
Let l(i) = 3*i - 12. Calculate l(5).
3
Let l(q) = q**2 + 4*q + 8. Calculate l(-5).
13
Let w(p) = 2*p**2 - p - 40. Give w(-7).
65
Let l(u) = 31*u. Determine l(2).
62
Let z(s) = -s**2 - 19*s + 63. Give z(-21).
21
Let n(q) = 26*q + 310. Calculate n(-12).
-2
Let j(v) = -6*v + 29. Calculate j(2).
17
Let l(a) = -a**2 - 13*a + 16. What is l(-15)?
-14
Let u(z) = 139*z - 835. Calculate u(6).
-1
Let m(z) = 4*z**2 - 14*z + 9. What is m(4)?
17
Let m(n) = n**2 - 12*n - 42. Give m(16).
22
Let j(p) = p**2 - p - 3. What is j(4)?
9
Let w(y) = 9*y - 20. What is w(7)?
43
Let y(r) = -3*r**2 - 22*r + 9. Determine y(-7).
16
Let w(i) = -2*i**3 + 2*i**2 + 4*i - 4. Determine w(1).
0
Let i(t) = t**2 + 9*t + 7. Give i(-3).
-11
Let y(f) = f**3 - 24*f**2 + 63*f - 14. Determine y(21).
-14
Let g(d) = d**3 - 6*d**2 + 5*d + 3. Determine g(4).
-9
Let c(p) = -p**3 + 6*p**2 - p + 12. Determine c(6).
6
Let u(j) = -11*j - 80. Determine u(-8).
8
Let s(r) = 3*r + 13. Determine s(-9).
-14
Let b(h) = -30*h + 14. Determine b(7).
-196
Let i(p) = 5*p + 3. Determine i(-6).
-27
Let b(v) = v + 10. Determine b(9).
19
Let b(x) = -x**3 - 7*x**2 + 2*x + 2. Give b(-7).
-12
Let m(n) = n**2 + 12*n + 26. Give m(-8).
-6
Let k(j) = -j**2 - j + 9. What is k(0)?
9
Let j(t) = 3*t - 19. Calculate j(9).
8
Let f(o) = 15*o**2 + 3*o - 2. What is f(-2)?
52
Let s(g) = -g**2 - 6*g + 8. Give s(-7).
1
Let x(q) = 3*q + 16. Determine x(-17).
-35
Let q(s) = -21*s + 357. Determine q(17).
0
Let y(j) = 4*j - 29. Determine y(9).
7
Let r(n) = 17*n - 1. What is r(1)?
16
Let n(w) = -4*w**2 - 29*w + 5. Calculate n(-6).
35
Let s(r) = -2*r**2 + 15*r + 3. Give s(6).
21
Let c(r) = -12*r**2 - 2*r - 4. Give c(-2).
-48
Let s(u) = -10*u + 47. Determine s(3).
17
Let r(p) = 2*p**2 + 58*p - 128. Give r(-31).
-4
Let u(i) = -i**2 + 8*i + 3. Determine u(11).
-30
Let j(n) = -3*n - 8. Calculate j(-6).
10
Let v(a) = -3*a - 33. Give v(4).
-45
Let f(t) = 2*t + 74. Calculate f(-38).
-2
Let z(t) = -t**2 + 20*t - 41. What is z(17)?
10
Let i(o) = -o - 16. Determine i(-7).
-9
Let x(y) = -y**3 - 16*y**2 + 17*y - 2. Determine x(-17).
-2
Let g(m) = 4*m**3 - m**2 + 2*m - 1. What is g(2)?
31
Let z(p) = p**2 - 10*p + 4. Calculate z(9).
-5
Let q(r) = -r**3 - 11*r**2 - 5*r - 14. Give q(-11).
41
Let g(j) = 5*j**3 + 2*j**2 - 2*j + 1. Determine g(1).
6
Let f(c) = -5*c - 6. What is f(4)?
-26
Let m(d) = 53*d + 208. Determine m(-4).
-4
Let a(p) = -p - 16. What is a(-9)?
-7
Let w(a) = 2*a**3 - 13*a**2 + 4*a + 46. Give w(5).
-9
Let d(o) = 3*o + 1. Calculate d(2).
7
Let u(z) = -2*z**2 - 5*z - 6. What is u(-5)?
-31
Let r(c) = -c**3 + 11*c**2 + 2*c - 23. Determine r(11).
-1
Let p(b) = 11*b + 3. Give p(-3).
-30
Let s(d) = -d + 16. Give s(7).
9
Let d(c) = -5*c + 17. Give d(5).
-8
Let h(o) = -10*o. Give h(-1).
10
Let y(v) = v**2 - 26*v + 10. Determine y(25).
-15
Let f(k) = 2*k**2 - 2*k. Determine f(3).
12
Let h(u) = -4*u + 16. Calculate h(11).
-28
Let k(v) = -v**3 - 26*v**2 - 22*v + 50. Calculate k(-25).
-25
Let v(f) = -4*f - 11. Determine v(-9).
25
Let d(m) = -4*m**2 + 6*m - 14. Determine d(3).
-32
Let r(v) = -v**3 - 3*v**2 + 8*v + 4. Give r(-5).
14
Let m(t) = t**3 + 24*t**2 - 2*t - 45. Determine m(-24).
3
Let d(y) = -y + 4. Determine d(6).
-2
Let u(y) = -y**3 - 5*y**2 + 16*y + 16. Calculate u(-7).
2
Let p(s) = s**3 + 2*s**2 - 4*s + 2. Calculate p(4).
82
Let i(o) = -o**2 - 55*o + 287. Determine i(-60).
-13
Let w(m) = m**3 + 6*m**2 - m - 11. What is w(-6)?
-5
Let a(x) = x**2 + 11. What is a(6)?
47
Let k(h) = 2*h - 21. What is k(11)?
1
Let v(d) = -d**2 - 4*d + 11. Determine v(-5).
6
Let k(n) = -2*n**3 + 3*n**2 - n - 2. What is k(3)?
-32
Let g(s) = s**3 - 2*s**2 - s - 8. Give g(0).
-8
Let z(j) = j**3 - j**2 + j - 28. Determine z(0).
-28
Let x(g) = g + 6. Determine x(-8).
-2
Let k(u) = -u**2 - 22*u - 65. Determine k(-19).
-8
Let q(l) = -l**3 - 4*l**2 - 17*l - 28. Calculate q(-2).
-2
Let o(s) = 3*s + 228. What is o(-76)?
0
Let q(v) = -46*v - 4. Give q(4).
-188
Let u(h) = 7*h + 2. Calculate u(-1).
-5
Let t(z) = -z**2 + 10*z - 23. Determine t(8).
-7
Let x(h) = h**3 + 2*h + 33. Give x(0).
33
Let b(i) = -2*i - 23. Calculate b(-8).
-7
Let x(g) = -2*g**3 + 5*g**2 - g + 4. Give x(4).
-48
Let p(t) = -3*t**2 + t - 2. Determine p(2).
-12
Let b(l) = -l**2 + l + 12. Give b(5).
-8
Let o(i) = 27*i + 47. Determine o(-2).
-7
Let j(v) = -v**2 - 2*v - 3. Calculate j(6).
-51
Let d(l) = -3*l + 24. Calculate d(8).
0
Let k(f) = -4*f - 19. Determine k(-5).
1
Let r(p) = p**2 + 4*p - 260. Determine r(14).
-8
Let u(b) = b**2 - 33*b + 129. Calculate u(29).
13
Let p(g) = g**2 + g - 7. Determine p(5).
23
Let g(h) = h**3 - 4*h**2 - 4*h - 1. Determine g(5).
4
Let d(v) = -v**2 + 24*v + 64. Calculate d(26).
12
Let v(o) = o**2 + 5. Give v(-6).
41
Let z(m) = 42*m**3 - 1. Give z(-1).
-43
Let p(u) = u**3 + 15*u**2 - 35*u + 42. Calculate p(-17).
59
Let p(n) = 2*n**2 - 6*n + 5. What is p(3)?
5
Let l(u) = u**3 + 4*u**2 - 3. Determine l(-3).
6
Let t(m) = m**2 - 18*m + 21. Calculate t(17).
4
Let d(z) = 3*z - 26. Calculate d(6).
-8
Let l(f) = -f + 17. Give l(-19).
36
Let r(d) = d**3 + 20*d